 in base 15?
cd9
Convert 6077 (base 12) to base 5.
313314
366 (base 9) to base 13
1a4
What is -10210 (base 4) in base 3?
-101211
7612 (base 12) to base 4
3022232
-1002220 (base 4) to base 11
-3227
Convert 7b (base 15) to base 12.
98
-40440 (base 8) to base 15
-4e17
Convert 1121210011 (base 3) to base 12.
1657a
Convert 21111002 (base 3) to base 9.
7432
Convert -e3d (base 16) to base 11.
-2814
Convert -13242 (base 8) to base 2.
-1011010100010
Convert 34aa (base 11) to base 13.
2128
What is 399 (base 12) in base 16?
225
Convert -36c (base 14) to base 12.
-490
What is 4043 (base 5) in base 9?
641
12095 (base 10) to base 12
6bbb
3aa (base 12) to base 2
1000110010
Convert -940 (base 13) to base 15.
-6ed
-10010110001000 (base 2) to base 8
-22610
What is 3133220 (base 4) in base 3?
201122002
10111111110 (base 2) to base 13
910
317 (base 8) to base 7
414
-478 (base 10) to base 8
-736
-10001100001 (base 2) to base 5
-13441
What is 13e1 (base 16) in base 5?
130324
What is -1312 (base 12) in base 8?
-4176
What is 1130 (base 16) in base 12?
2668
Convert 1186 (base 10) to base 15.
541
39b (base 13) to base 12
44b
-111423 (base 5) to base 14
-164c
-1552 (base 7) to base 15
-2ba
Convert -15440 (base 7) to base 8.
-10364
What is -6 (base 12) in base 13?
-6
What is -bdb (base 15) in base 5?
-41211
What is -ba1 (base 14) in base 6?
-14345
-716 (base 11) to base 2
-1101100000
What is -2211 (base 7) in base 14?
-408
Convert 1b16 (base 14) to base 13.
2316
What is -290 (base 10) in base 6?
-1202
Convert 125726 (base 8) to base 12.
2155a
Convert -1101001 (base 3) to base 8.
-1750
-b96 (base 14) to base 16
-8f0
Convert b5c (base 14) to base 8.
4276
What is -1473 (base 9) in base 2?
-10001011111
Convert 200321 (base 4) to base 12.
1275
-10892 (base 13) to base 12
-15468
Convert -19c8 (base 15) to base 11.
-4220
458 (base 11) to base 4
20203
What is -3fad (base 16) in base 3?
-211100202
Convert -2221 (base 6) to base 14.
-28d
-47a (base 11) to base 14
-2cb
What is -1312 (base 13) in base 16?
-a9f
What is -6d8 (base 16) in base 11?
-1353
-6487 (base 14) to base 5
-1023432
Convert -222102 (base 6) to base 4.
-10202312
-123514 (base 7) to base 4
-11211232
-1106 (base 8) to base 6
-2410
-110000011 (base 2) to base 5
-3022
What is 233246 (base 7) in base 2?
1010001111111010
-144326 (base 7) to base 10
-27950
Convert -1203122 (base 4) to base 16.
-18da
What is 1156 (base 9) in base 11?
713
Convert 18649 (base 10) to base 13.
8647
2585 (base 16) to base 11
7242
What is 132201 (base 4) in base 5?
30303
What is -9d (base 14) in base 5?
-1024
Convert c73 (base 15) to base 3.
10212000
Convert -3400010 (base 5) to base 8.
-163764
-8785 (base 9) to base 3
-22212212
What is -234d (base 15) in base 16?
-1d4a
Convert 101545 (base 6) to base 4.
2000021
What is -3224 (base 5) in base 10?
-439
What is -2039 (base 14) in base 10?
-5539
-13204 (base 5) to base 2
-10000011110
221 (base 9) to base 2
10110101
-249b (base 13) to base 4
-1101032
-3323 (base 7) to base 15
-548
Convert 230240 (base 6) to base 9.
28716
43 (base 14) to base 10
59
Convert 2011 (base 6) to base 14.
235
Convert fd4 (base 16) to base 6.
30432
-8d61 (base 15) to base 14
-ad20
233 (base 10) to base 3
22122
4d (base 15) to base 9
81
-13aa (base 11) to base 6
-12222
What is 11031 (base 6) in base 11?
1172
-130 (base 9) to base 6
-300
What is 10111100010 (base 2) in base 14?
798
What is -1011002201 (base 3) in base 12?
-11154
Convert 29a0 (base 11) to base 2.
111100010101
Convert 172601 (base 8) to base 3.
10012012202
What is -328 (base 13) in base 3?
-202001
Convert -1114 (base 7) to base 4.
-12103
What is 31144 (base 6) in base 7?
15103
d59 (base 14) to base 10
2627
-20033012 (base 4) to base 6
-420102
What is 1010010011000 (base 2) in base 9?
7207
Convert -64c6 (base 13) to base 16.
-36c4
What is 20146 (base 10) in base 15?
5e81
Convert 145532 (base 8) to base 5.
3131213
Convert 56b (base 15) to base 10.
1226
What is a83 (base 16) in base 14?
da3
-8b9d (base 14) to base 6
-304131
What is 2116 (base 10) in base 8?
4104
21047 (base 10) to base 13
9770
What is -24302 (base 9) in base 2?
-11111110011011
Convert 3453 (base 7) to base 5.
20023
4922 (base 16) to base 9
27612
What is 1a276 (base 11) in base 9?
42707
What is -475 (base 8) in base 2?
-100111101
What is -361412 (base 7) in base 13?
-239ab
Convert ba6 (base 14) to base 12.
13ba
Convert -237 (base 8) to base 9.
-186
What is 31022100 (base 4) in base 2?
1101001010010000
-6402 (base 7) to base 5
-33011
What is -160035 (base 7) in base 10?
-31239
Convert -66c4 (base 14) to base 15.
-5427
Convert 3410 (base 12) to base 15.
1a9c
Convert 120ec (base 16) to base 8.
220354
What is 5035 (base 7) in base 13?
a3c
What is 14a7 (base 14) in base 4?
321123
What is -134032 (base 5) in base 15?
-197c
-234121 (base 5) to base 13
-3c33
What is -1112011122 (base 3) in base 9?
-45148
-27527 (base 8) to base 10
-12119
What is 3002 (base 8) in base 9?
2088
79 (base 16) to base 7
232
21010 (base 4) to base 9
714
What is -1432 (base 8) in base 12?
-562
1220110 (base 3) to base 9
1813
What is 12121200 (base 3) in base 5?
112340
-120325 (base 6) to base 14
-3b77
What is -10001010 (base 2) in base 13?
-a8
Convert 3032102 (base 4) to base 9.
20088
dce (base 15) to base 12
197b
Convert -14e (base 16) to base 9.
-411
What is -2832 (base 9) in base 10?
-2135
-1301233 (base 4) to base 3
-100222121
What is -665 (base 8) in base 6?
-2005
5468 (base 13) to base 16
2de3
Convert 22201 (base 3) to base 15.
10a
-2002 (base 3) to base 7
-110
Convert 202031 (base 5) to base 12.
3930
-10014 (base 8) to base 13
-1b40
What is -120011 (base 3) in base 10?
-409
What is -178 (base 14) in base 15?
-152
-1450 (base 16) to base 9
-7117
Convert 1893 (base 11) to base 10.
2401
What is -81e (base 15) in base 4?
-130211
What is -1350 (base 9) in base 8?
-1771
-2014 (base 6) to base 10
-442
What is -343a (base 11) in base 9?
-6172
What is -111000110110 (base 2) in base 15?
-1128
Convert 11101001001100 (base 2) to base 3.
202110202
What is -33 (base 8) in base 10?
-27
What is -12144 (base 6) in base 8?
-3400
Convert -11567 (base 11) to base 5.
-1013100
Convert -1517 (base 14) to base 11.
-28a5
Convert 164 (base 16) to base 10.
356
Convert -3001033 (base 4) to base 15.
-39e7
1321012 (base 4) to base 5
222000
-104420 (base 7) to base 14
-69b7
Convert -113150 (base 6) to base 4.
-2120322
Convert -223 (base 10) to base 12.
-167
-32212 (base 4) to base 12
-65a
-450253 (base 6) to base 4
-21030321
Convert -110132 (base 4) to base 14.
-698
What is -1011010101 (base 2) in base 11?
-5aa
194 (base 12) to base 14
144
What is 2021110222 (base 3) in base 8?
127423
What is -7361 (base 8) in base 3?
-12020200
What is 8ba (base 14) in base 3?
2101011
-1010111 (base 2) to base 11
-7a
Convert -1894 (base 12) to base 11.
-2280
1100111101101 (base 2) to base 12
3a11
Convert -d226 (base 14) to base 10.
-36098
-20100230 (base 4) to base 3
-1201102012
1000010110110001 (base 2) to base 8
102661
Convert -8944 (base 10) to base 11.
-67a1
390 (base 10) to base 15
1b0
Convert -110312 (base 4) to base 2.
-10100110110
Convert -21236 (base 8) to base 16.
-229e
Convert -15035 (base 6) to base 14.
-c35
What is -281 (base 12) in base 11?
-320
Convert 2113302 (base 4) to base 11.
7331
-1108 (base 9) to base 12
-582
a242 (base 11) to base 4
3110132
What is -ac83 (base 14) in base 5?
-1424112
Convert -21120021 (base 3) to base 14.
-201d
Convert 1200022 (base 3) to base 10.
1223
125724 (base 8) to base 6
535352
-3443 (base 6) to base 14
-427
-101222 (base 3) to base 2
-100101000
-767 (base 8) to base 2
-111110111
Convert c7 (base 16) to base 2.
11000111
1c0d (base 15) to base 16
17c8
-43aa (base 11) to base 8
-13257
Convert 43551 (base 8) to base 14.
693b
What is -2414 (base 8) in base 7?
-3524
Convert -772 (base 15) to base 9.
-2268
Convert 13013 (base 4) to base 14.
247
Convert 18892 (base 10) to base 8.
44714
What is -10012111 (base 3) in base 9?
-3174
Convert -135 (base 13) to base 16.
-d5
2404 (base 6) to base 3
210111
What is 39a1 (base 14) in base 7?
41361
Convert -1111002121 (base 3) to base 8.
-71056
1100001001111100 (base 2) to base 16
c27c
What is -1351 (base 12) in base 10?
-2221
4 (base 13) to base 6
4
Convert 4cdd (base 14) to base 7.
54266